{"id":1725,"date":"2021-05-17T14:30:04","date_gmt":"2021-05-17T12:30:04","guid":{"rendered":"https:\/\/studiodf.pl\/wp-content\/uploads\/2021\/05\/Kolekcja-Royal-pierscionek-bursztyn-baltycki-zlocone-srebro-925-5.jpg"},"modified":"2021-05-17T14:30:04","modified_gmt":"2021-05-17T12:30:04","slug":"kolekcja-royal-pierscionek-bursztyn-baltycki-zlocone-srebro-925-5","status":"inherit","type":"attachment","link":"https:\/\/studiodf.pl\/zh\/kolekcja-royal-pierscionek-bursztyn-baltycki-zlocone-srebro-925-5\/","title":{"rendered":"Kolekcja Royal pier\u015bcionek, bursztyn ba\u0142tycki, z\u0142ocone srebro 925 (5)"},"author":2,"featured_media":0,"comment_status":"closed","ping_status":"closed","template":"","meta":[],"class_list":["post-1725","attachment","type-attachment","status-inherit","hentry","entry"],"aioseo_notices":[],"description":{"rendered":"<p class=\"attachment\"><a href='https:\/\/studiodf.pl\/wp-content\/uploads\/2021\/05\/Kolekcja-Royal-pierscionek-bursztyn-baltycki-zlocone-srebro-925-5.jpg'><img decoding=\"async\" width=\"300\" height=\"225\" src=\"https:\/\/studiodf.pl\/wp-content\/uploads\/2021\/05\/Kolekcja-Royal-pierscionek-bursztyn-baltycki-zlocone-srebro-925-5-300x225.jpg\" class=\"attachment-medium size-medium\" alt=\"\" srcset=\"https:\/\/studiodf.pl\/wp-content\/uploads\/2021\/05\/Kolekcja-Royal-pierscionek-bursztyn-baltycki-zlocone-srebro-925-5-300x225.jpg 300w, https:\/\/studiodf.pl\/wp-content\/uploads\/2021\/05\/Kolekcja-Royal-pierscionek-bursztyn-baltycki-zlocone-srebro-925-5-768x576.jpg 768w, https:\/\/studiodf.pl\/wp-content\/uploads\/2021\/05\/Kolekcja-Royal-pierscionek-bursztyn-baltycki-zlocone-srebro-925-5-16x12.jpg 16w, https:\/\/studiodf.pl\/wp-content\/uploads\/2021\/05\/Kolekcja-Royal-pierscionek-bursztyn-baltycki-zlocone-srebro-925-5.jpg 1024w\" sizes=\"(max-width: 300px) 100vw, 300px\" \/><\/a><\/p>\n"},"caption":{"rendered":""},"alt_text":"","media_type":"image","mime_type":"image\/jpeg","media_details":{"width":1024,"height":768,"file":"2021\/05\/Kolekcja-Royal-pierscionek-bursztyn-baltycki-zlocone-srebro-925-5.jpg","sizes":{"medium":{"file":"Kolekcja-Royal-pierscionek-bursztyn-baltycki-zlocone-srebro-925-5-300x225.jpg","width":300,"height":225,"mime_type":"image\/jpeg","source_url":"https:\/\/studiodf.pl\/wp-content\/uploads\/2021\/05\/Kolekcja-Royal-pierscionek-bursztyn-baltycki-zlocone-srebro-925-5-300x225.jpg"},"thumbnail":{"file":"Kolekcja-Royal-pierscionek-bursztyn-baltycki-zlocone-srebro-925-5-300x250.jpg","width":300,"height":250,"mime_type":"image\/jpeg","source_url":"https:\/\/studiodf.pl\/wp-content\/uploads\/2021\/05\/Kolekcja-Royal-pierscionek-bursztyn-baltycki-zlocone-srebro-925-5-300x250.jpg"},"medium_large":{"file":"Kolekcja-Royal-pierscionek-bursztyn-baltycki-zlocone-srebro-925-5-768x576.jpg","width":768,"height":576,"mime_type":"image\/jpeg","source_url":"https:\/\/studiodf.pl\/wp-content\/uploads\/2021\/05\/Kolekcja-Royal-pierscionek-bursztyn-baltycki-zlocone-srebro-925-5-768x576.jpg"},"trp-custom-language-flag":{"file":"Kolekcja-Royal-pierscionek-bursztyn-baltycki-zlocone-srebro-925-5-16x12.jpg","width":16,"height":12,"mime_type":"image\/jpeg","source_url":"https:\/\/studiodf.pl\/wp-content\/uploads\/2021\/05\/Kolekcja-Royal-pierscionek-bursztyn-baltycki-zlocone-srebro-925-5-16x12.jpg"},"full":{"file":"Kolekcja-Royal-pierscionek-bursztyn-baltycki-zlocone-srebro-925-5.jpg","width":1024,"height":768,"mime_type":"image\/jpeg","source_url":"https:\/\/studiodf.pl\/wp-content\/uploads\/2021\/05\/Kolekcja-Royal-pierscionek-bursztyn-baltycki-zlocone-srebro-925-5.jpg"}},"image_meta":{"aperture":"29","credit":"","camera":"NIKON D700","caption":"","created_timestamp":"1578949473","copyright":"","focal_length":"100","iso":"200","shutter_speed":"0.005","title":"","orientation":"1","keywords":[]}},"post":null,"source_url":"https:\/\/studiodf.pl\/wp-content\/uploads\/2021\/05\/Kolekcja-Royal-pierscionek-bursztyn-baltycki-zlocone-srebro-925-5.jpg","_links":{"self":[{"href":"https:\/\/studiodf.pl\/zh\/wp-json\/wp\/v2\/media\/1725","targetHints":{"allow":["GET"]}}],"collection":[{"href":"https:\/\/studiodf.pl\/zh\/wp-json\/wp\/v2\/media"}],"about":[{"href":"https:\/\/studiodf.pl\/zh\/wp-json\/wp\/v2\/types\/attachment"}],"author":[{"embeddable":true,"href":"https:\/\/studiodf.pl\/zh\/wp-json\/wp\/v2\/users\/2"}],"replies":[{"embeddable":true,"href":"https:\/\/studiodf.pl\/zh\/wp-json\/wp\/v2\/comments?post=1725"}]}}

Kolekcja Royal pierścionek, bursztyn bałtycki, złocone srebro 925 (5)
